ase 7) to base 3
-1
What is 1 (base 12) in base 13?
1
Convert 5 (base 16) to base 3.
12
1 (base 8) to base 12
1
Convert -2 (base 5) to base 11.
-2
106 (base 8) to base 14
50
230 (base 7) to base 10
119
What is -2c (base 16) in base 9?
-48
5 (base 16) to base 15
5
Convert -1 (base 13) to base 16.
-1
-1 (base 5) to base 10
-1
Convert -2c (base 16) to base 10.
-44
Convert -109 (base 10) to base 5.
-414
Convert 3 (base 5) to base 13.
3
What is -34 (base 5) in base 3?
-201
Convert 17 (base 15) to base 14.
18
-46 (base 7) to base 14
-26
156 (base 8) to base 14
7c
Convert 84 (base 9) to base 16.
4c
What is 42 (base 11) in base 14?
34
-44 (base 12) to base 11
-48
5 (base 14) to base 16
5
182 (base 9) to base 7
311
Convert 1122 (base 4) to base 15.
60
2 (base 14) to base 4
2
What is -10 (base 7) in base 3?
-21
Convert 1020 (base 4) to base 11.
66
-2 (base 5) to base 14
-2
What is 2 (base 7) in base 5?
2
What is -11110 (base 2) in base 16?
-1e
29 (base 15) to base 6
103
What is 67 (base 15) in base 16?
61
What is 2 (base 3) in base 2?
10
Convert -17 (base 9) to base 12.
-14
51 (base 6) to base 16
1f
What is 10 (base 6) in base 9?
6
Convert 44 (base 5) to base 15.
19
What is 23 (base 10) in base 6?
35
-101111 (base 2) to base 6
-115
-d0 (base 14) to base 16
-b6
Convert 3 (base 7) to base 3.
10
What is 4 (base 9) in base 4?
10
What is 1 (base 8) in base 11?
1
Convert 10 (base 3) to base 5.
3
Convert c (base 14) to base 13.
c
Convert 169 (base 10) to base 13.
100
Convert 1 (base 3) to base 8.
1
What is 3 (base 4) in base 6?
3
Convert -1 (base 16) to base 7.
-1
What is -3 (base 5) in base 9?
-3
-3 (base 16) to base 10
-3
Convert -4 (base 15) to base 3.
-11
10001 (base 2) to base 13
14
What is 41 (base 15) in base 3?
2021
-2 (base 6) to base 16
-2
-1 (base 16) to base 2
-1
-3232 (base 4) to base 9
-284
24 (base 7) to base 14
14
What is -101 (base 2) in base 5?
-10
Convert -112 (base 12) to base 15.
-a8
What is 2 (base 5) in base 11?
2
Convert 7c (base 13) to base 3.
10211
What is -2 (base 9) in base 7?
-2
What is -12 (base 16) in base 11?
-17
What is -11 (base 11) in base 5?
-22
What is 11010 (base 2) in base 16?
1a
Convert 6 (base 14) to base 5.
11
Convert -2 (base 4) to base 13.
-2
Convert -2 (base 9) to base 13.
-2
What is -65 (base 10) in base 5?
-230
What is -8 (base 9) in base 4?
-20
What is -1 (base 14) in base 8?
-1
What is 101 (base 4) in base 16?
11
Convert -2 (base 15) to base 7.
-2
What is -1044 (base 5) in base 16?
-95
Convert 3 (base 12) to base 6.
3
Convert -1200 (base 3) to base 13.
-36
Convert -111 (base 7) to base 10.
-57
What is -49 (base 15) in base 7?
-126
What is -224 (base 6) in base 8?
-130
What is 47 (base 14) in base 16?
3f
What is -212 (base 4) in base 9?
-42
Convert 0 (base 7) to base 3.
0
What is 0 (base 7) in base 4?
0
What is -3 (base 7) in base 14?
-3
What is -7 (base 13) in base 8?
-7
-20012 (base 3) to base 10
-167
-204 (base 6) to base 12
-64
What is 25 (base 6) in base 13?
14
Convert 28 (base 12) to base 4.
200
What is 3 (base 8) in base 7?
3
What is -87 (base 13) in base 7?
-216
Convert 32 (base 10) to base 8.
40
What is -146 (base 15) in base 7?
-564
Convert 1011 (base 3) to base 4.
133
Convert 1 (base 16) to base 4.
1
-ba (base 13) to base 8
-231
-101 (base 8) to base 9
-72
Convert -134 (base 6) to base 16.
-3a
Convert -4 (base 15) to base 14.
-4
111 (base 9) to base 5
331
What is -130 (base 8) in base 12?
-74
What is -12 (base 6) in base 12?
-8
What is 2 (base 12) in base 13?
2
What is 170 (base 10) in base 8?
252
What is -23 (base 6) in base 3?
-120
Convert 15 (base 7) to base 10.
12
Convert -7 (base 12) to base 3.
-21
Convert -7a (base 11) to base 13.
-69
Convert -21 (base 5) to base 11.
-10
8 (base 14) to base 10
8
What is -3 (base 9) in base 7?
-3
What is 15 (base 13) in base 16?
12
Convert 24 (base 11) to base 12.
22
What is -22 (base 4) in base 11?
-a
Convert -4a (base 13) to base 8.
-76
Convert -5 (base 16) to base 10.
-5
What is -305 (base 8) in base 14?
-101
Convert -11 (base 4) to base 6.
-5
4 (base 12) to base 7
4
2 (base 13) to base 15
2
What is -1 (base 11) in base 8?
-1
What is 320 (base 4) in base 11?
51
-12212 (base 3) to base 2
-10011110
Convert 23 (base 4) to base 7.
14
What is 137 (base 10) in base 4?
2021
Convert -194 (base 12) to base 14.
-144
What is -2 (base 14) in base 4?
-2
Convert -13 (base 10) to base 7.
-16
-3 (base 13) to base 3
-10
What is -119 (base 10) in base 2?
-1110111
What is 101101 (base 2) in base 8?
55
58 (base 10) to base 5
213
What is -b (base 14) in base 5?
-21
-10011100 (base 2) to base 9
-183
What is a1 (base 14) in base 6?
353
What is 10 (base 13) in base 6?
21
-41 (base 6) to base 12
-21
What is -93 (base 14) in base 15?
-89
2 (base 16) to base 11
2
8 (base 12) to base 9
8
Convert 1a (base 14) to base 13.
1b
Convert -119 (base 11) to base 3.
-12020
42 (base 10) to base 14
30
Convert 101 (base 2) to base 4.
11
0 (base 5) to base 3
0
What is 11 (base 2) in base 10?
3
What is -b (base 14) in base 11?
-10
What is -b (base 14) in base 15?
-b
Convert 13 (base 7) to base 15.
a
21 (base 3) to base 7
10
Convert -74 (base 14) to base 12.
-86
-121 (base 6) to base 13
-3a
What is -1111 (base 2) in base 16?
-f
What is -11 (base 7) in base 2?
-1000
Convert -7b (base 13) to base 14.
-74
4 (base 6) to base 12
4
Convert -2 (base 11) to base 4.
-2
Convert 2 (base 8) to base 11.
2
What is -4 (base 15) in base 16?
-4
What is -11110 (base 2) in base 9?
-33
What is -98 (base 13) in base 10?
-125
-8 (base 14) to base 12
-8
What is -3 (base 8) in base 11?
-3
What is -b (base 15) in base 9?
-12
Convert 405 (base 6) to base 9.
175
Convert 1 (base 10) to base 9.
1
What is 11 (base 4) in base 2?
101
Convert 231 (base 7) to base 9.
143
19 (base 16) to base 10
25
-1 (base 11) to base 14
-1
Convert -1 (base 2) to base 16.
-1
Convert -6 (base 11) to base 2.
-110
What is -124 (base 6) in base 11?
-48
What is 3 (base 9) in base 16?
3
What is -11 (base 10) in base 8?
-13
Convert -14 (base 6) to base 9.
-11
-292 (base 10) to base 6
-1204
0 (base 14) to base 2
0
1 (base 14) to base 11
1
Convert 1001 (base 3) to base 11.
26
What is -1a (base 15) in base 9?
-27
Convert 16 (base 10) to base 15.
11
-8 (base 10) to base 15
-8
Convert 10 (base 7) to base 2.
111
2 (base 16) to base 11
2
-dd (base 14) to base 4
-3003
Convert 2 (base 8) to base 11.
2
Convert 1 (base 11) to base 3.
1
Convert 125 (base 7) to base 16.
44
-15 (base 11) to base 6
-24
Convert 175 (base 13) to base 15.
12a
-a9 (base 15) to base 9
-186
-4 (base 5) to base 3
-11
What is -308 (base 10) in base 2?
-100110100
Convert -1 (base 11) to base 9.
-1
What is 0 (base 12) in base 7?
0
-110 (base 2) to base 12
-6
-45 (base 9) to base 12
-35
3 (base 11) to base 4
3
What is 0 (base 14) in base 4?
0
Convert -131 (base 6) to base 15.
-3a
-4a (base 11) to base 2
-110110
-1111 (base 3) to base 10
-40
aa (base 11) to base 9
143
What is 234 (base 6) in base 13?
73
119 (base 15) to base 4
3321
Convert 4 (base 6) to base 14.
4
Convert -2 (base 9) to base 7.
-2
Convert -2 (base 13) to base 16.
-2
What is 15 (base 8) in base 16?
d
What is -43 (base 12) in base 10?
-51
What is 207 (base 9) in base 4?
2221
-2112 (base 3) to base 13
-53
What is 30 (base 9) in base 2?
11011
What is -22 (base 5) in base 7?
-15
Convert 33 (base 8) to base 3.
1000
Convert -5 (base 7) to base 15.
-5
-11 (base 7) to base 10
-8
Convert -101 (base 2) to base 8.
-5
Convert 4 (base 13) to base 12.
4
What is 1011010 (base 2) in base 16?
5a
What is -74 (base 14) in base 10?
-102
What is 105 (base 7) in base 5?
204
Convert -6a (base 11) to base 15.
-51
-94 (base 15) to base 16
-8b
5 (base 6) to base 15
5
What is -3 (base 8) in base 2?
-11
Convert 25 (base 9) to base 2.
10111
-6 (base 14) to base 6
-10
What is a8 (base 11) in base 13?
91
11 (base 6) to base 4
13
Convert 5 (base 6) to base 13.
5
Convert 1001 (base 2) to base 7.
12
Convert -26 (base 13) to base 11.
-2a
c (base 15) to base 5
22
What is 14 (base 7) in base 9?
12
11 (base 2) to base 8
3
Convert 2 (base 16) to base 4.
2
What is 110 (base 5) in base 3?
1010
-12 (base 11) to base 16
-d
What is -d2 (base 16) in base 3?
-21210
-a9 (base 15) to base 9
-186
33 (base 5) to base 4
102
What is 13 (base 4) in base 9?
7
What is 2 (base 15) in base